ighest common factor of p and 3.
3
Let n = -18 + 16. Let b be 14 + 0/(n + 3). Suppose 0 = 5*c - 4*c - 7. Calculate the greatest common divisor of c and b.
7
Let l = 21 + -7. What is the highest common divisor of l and 98?
14
Let i be 10/60 + (-58)/(-12). Suppose 0 = c, -i*b + 50 = -c - 130. Suppose -j + 4 = -0*j, -5*j = -3*d + 16. Calculate the highest common divisor of b and d.
12
Suppose 5 = 2*s - 13. Suppose t - 252 = -3*t. What is the highest common divisor of t and s?
9
Let g(h) = 13*h**2 - 3*h - 4. Let r be g(3). Suppose 3*m + 2*m = 10. Suppose m*l = -l + 39. Calculate the greatest common factor of r and l.
13
Suppose 4*y + 10 = 5*z - 4, 0 = -2*z + 3*y + 7. Calculate the greatest common factor of z and 18.
2
Let b be 7/7 + 12*4. Let u = b - -8. What is the highest common factor of u and 38?
19
Suppose 0 = -13*o + 287 + 285. Calculate the highest common divisor of o and 55.
11
Let m(j) = j**3 - j + 5. Let p be m(0). Suppose -872 = -p*t + 2*u, 4*u = 2*t + 6*u - 360. Let z = 18 + -2. What is the highest common factor of t and z?
16
Suppose 3*r - 48 = -0*r. Calculate the highest common divisor of r and 176.
16
Suppose -5*y - 70 = -10*y. What is the highest common divisor of y and 56?
14
Suppose -f + 3*f = 132. What is the greatest common divisor of 6 and f?
6
Suppose 0 = -3*r + 77 + 52. Calculate the greatest common factor of r and 215.
43
Suppose -23 = 3*y - 5*n, 0 = -2*y - 4*n + 5 + 9. Let k be (2 + -6)*3/(-6). Let w be (y - k)*(-3)/9. Calculate the highest common divisor of w and 2.
1
Suppose -4*s - 132 = -7*s. Suppose 0*x + 4*x - s = 0. What is the greatest common factor of 55 and x?
11
Suppose 0*d + 85 = -5*d. Let m = d - -29. What is the highest common factor of m and 18?
6
Suppose -j = -0*j - 128. Calculate the highest common divisor of 32 and j.
32
Let l(g) = -g**3 + 10*g**2 - g + 12. Let f be l(10). Let h be (-39 + -5)/(f*-1). Suppose -h = -3*o + o. What is the greatest common factor of o and 33?
11
Let k = 37 + -21. What is the greatest common factor of 112 and k?
16
Let d = 80 + -25. Let x = 12 + 10. What is the greatest common factor of d and x?
11
Let y be -1 + -4 + 15/5. Let f(z) = 13*z**2 + z + 1. Let k be f(y). What is the greatest common factor of k and 17?
17
Suppose -4*u + d + 171 = u, 3*d - 152 = -4*u. What is the highest common factor of u and 5?
5
Let k be -1 + (2/1 - -1). Let v(s) = k*s - 1 + 0*s**2 + 6*s**3 + 2*s**2 - 2*s. Let d be v(1). Calculate the highest common factor of 21 and d.
7
Suppose 0 = 2*q + 2*c - 14, -c - c + 24 = 4*q. Suppose -4*x + 0*g + 24 = -g, 2*x = -3*g - 2. Calculate the highest common divisor of x and q.
5
Suppose -t - 1 = 3*c + 7, 8 = -2*c - 2*t. Let n be c/(-4) - 82/(-4). Let k(v) = v**2 + v + 14. Let a be k(0). What is the highest common divisor of n and a?
7
Suppose -g - 2*g - 4*a = 16, 3*g = -a - 4. Suppose -3*o - 2 - 7 = g. Let h be (-1)/o + 70/6. Calculate the highest common divisor of 24 and h.
12
Let l = -164 - -236. What is the greatest common divisor of 36 and l?
36
Let b = 0 + 8. Let q be 75 + 3*(-2)/2. What is the highest common divisor of q and b?
8
Let m(x) = 3*x - 3. Let v be m(9). What is the highest common factor of v and 18?
6
Let r(m) = 2*m. Let h be r(1). Let a = 13 + -10. Suppose 0 = 4*z + a*d - 65, -3*z = 2*z - 4*d - 58. Calculate the greatest common factor of z and h.
2
Let t(x) = -17*x + 13. Let o be t(-3). What is the greatest common factor of 16 and o?
16
Let u(x) = 2*x**2 - 2*x + 2. Let i be u(3). What is the greatest common factor of i and 21?
7
Let y be (20/24)/(0 - (-1)/6). What is the greatest common divisor of y and 40?
5
Suppose p - 2*j = 7 + 2, 6 = -2*j. Calculate the highest common divisor of p and 15.
3
Let c(b) = 13*b**2 + 5*b - 2. Suppose -6 = z - 2. Let s be c(z). Let j = s - 114. Calculate the greatest common divisor of 9 and j.
9
Let c be (-126)/6*3/(-3). What is the greatest common divisor of c and 84?
21
Suppose 4*q = 23 + 33. What is the greatest common divisor of 70 and q?
14
Let h = 9 - 6. Suppose 0*y - y - h*d + 6 = 0, -50 = -5*y - 5*d. What is the greatest common divisor of 30 and y?
6
Let w(i) = i**2 - 4*i - 2. Let x be w(-4). What is the highest common divisor of 12 and x?
6
Suppose 0 = -5*g - 4*h + 169 + 3, 3*g + 3*h = 105. Calculate the highest common factor of g and 8.
8
Let f(g) = -2*g - 2. Let z be f(-3). Calculate the greatest common factor of z and 36.
4
Let h(c) = 6*c. Let k be h(1). Calculate the greatest common factor of k and 42.
6
Suppose -5*z + 51 = 4*h - 69, 0 = -2*z - 2*h + 50. What is the greatest common divisor of z and 5?
5
Let z be (-10)/(6/(-9) + 0). Suppose -4*w + 14 = -6. Suppose -c + 2*c + w*p = 0, -5*p - 5 = 0. What is the highest common factor of c and z?
5
Suppose -14 = -3*c + 22. Calculate the greatest common factor of 3 and c.
3
Let y(m) = m + 20. Let n be y(12). Calculate the greatest common divisor of n and 352.
32
Suppose -20 = -4*w + 8. Suppose 0 = -2*z - 128 - 52. Let h be z/12*42/(-5). What is the greatest common factor of h and w?
7
Suppose 2*v = -0*v, 3*c - 27 = -3*v. What is the greatest common divisor of 72 and c?
9
Let x be (3 + 4/2)*1. Let f = 26 - -56. Suppose -x*i + f = -58. What is the greatest common factor of i and 4?
4
Let x be 6/8 + (-10)/(-8). Suppose -5*f + 15 = -0*f. Suppose -3*g - 5*w + 35 = 0, -2*g - f*w = -6*g + 8. What is the highest common factor of g and x?
1
Suppose 4*r - 168 = 2*t, -r + 4*r = -5*t - 420. Let m = 128 + t. Let s = -15 - -26. Calculate the highest common factor of m and s.
11
Suppose 2*k + 4 + 6 = 0, 4*n + 2*k = 62. Suppose -5*q - 3*m + 111 - 21 = 0, 0 = -q - 3*m + n. What is the highest common factor of q and 72?
18
Suppose -4*g - 95 = -4*r - 15, r + 3*g = 0. What is the greatest common factor of 6 and r?
3
Let q(d) = 0 - 2*d + 3 + 2*d - 2*d**2 + d**3 + d. Suppose 4 - 7 = c, -3*c = 3*j. Let m be q(j). Calculate the greatest common factor of m and 15.
15
Let s = 44 - 34. Calculate the highest common factor of s and 30.
10
Suppose -2*g = 2*g - 88. Let f = g + -2. Calculate the greatest common divisor of f and 4.
4
Suppose -v + 68 = -64. Suppose j + 32 = v. Let w = 16 + 4. Calculate the highest common divisor of w and j.
20
Let j = 0 + 20. Suppose 20 = g + 5*l - 0, -3*g - 5*l + 30 = 0. Calculate the highest common divisor of j and g.
5
Let g(d) = d**2 + 6*d + 4. Let b be g(-7). Suppose r + 5*y - b = -0*y, 3*r - 2*y = 16. Calculate the greatest common factor of r and 9.
3
Suppose -25 = -k - 4*k. Let s be (24/30)/(1/k). Calculate the greatest common divisor of 32 and s.
4
Let u(z) = 4*z - 40. Let g be u(12). Let o = 5 - -35. What is the greatest common divisor of o and g?
8
Suppose 0 = 2*b + 3*f - 17, 4*b = f + 2*f + 61. Let x = -15 + 106. Calculate the greatest common divisor of b and x.
13
Suppose -3*g - 2*f + 0 - 33 = 0, 0 = 4*g + 2*f + 42. Let t be (-8)/3*g/2. Calculate the greatest common divisor of t and 12.
12
Suppose 2*b + 3*b = 15, -4*d + 91 = -3*b. Suppose -5*x - 50 = -15*x. Calculate the greatest common factor of d and x.
5
Let p(m) be the first derivative of -3*m**2 - 3*m + 1. Let h be p(-2). Let y = 30 - -51. What is the highest common factor of y and h?
9
Let j be (-42)/((-6 + 2)/2). Suppose 5*n + 5*s - 11 = 4, 4*n - 5*s - 3 = 0. Let r be (n - 4*1) + 9. Calculate the greatest common factor of r and j.
7
Let s be 6/(-15) + 1/(5/272). What is the highest common divisor of s and 9?
9
Suppose 2*d = -5*k - 96, d - 4*k - 42 = 2*d. Let p be d/(-1) - (-3 - -6). Suppose -6*s = -s - p. What is the highest common factor of s and 44?
11
Let x(c) = -12*c - 6. Let b be x(-4). Let t(g) = -10*g + 4. Let r be t(3). Let d = b + r. Calculate the highest common factor of d and 40.
8
Suppose 2*g = 153 - 63. Let y = -23 + 4. Let p = g - y. Calculate the highest common factor of 8 and p.
8
Suppose -4*k + 18 = -38. Suppose 1182 = 5*q + 232. Let z = 344 - q. Calculate the highest common factor of z and k.
14
Suppose 6*o - 3*o + 12 = 0. Let v(l) = -l**3 - l**2 + 4. Let p be v(o). Let n = -36 + p. What is the highest common divisor of 24 and n?
8
Let i = 3 - -15. What is the highest common divisor of 198 and i?
18
Let v = -17 - -41. Calculate the highest common divisor of v and 6.
6
Let j = -15 - -22. Let a(v) = 7*v - 21. Let o be a(j). Calculate the greatest common factor of 7 and o.
7